3. Let b(q) = -5*q**3 + 4*q**2 + 3*q + 10. Let p be b(-5). Suppose -5*f = -l*f + p. Calculate the highest common divisor of 40 and f.
20
Suppose f = -3*a + 10131, -5*a + 11072 = f - 5811. What is the greatest common divisor of a and 32?
16
Suppose -2*r - 660 = 3*b + 3*r, -3*r - 440 = 2*b. Let v = 125 + b. Let x = 10 - v. What is the greatest common factor of 15 and x?
15
Let s = 1458 - -72. What is the highest common divisor of s and 680?
170
Let p be (17/(-68))/(1/236). Let l = 67 + p. Calculate the highest common factor of l and 88.
8
Let k(u) = u**3 - 4*u**2 - 7. Let m be k(5). Suppose -4*g = -2*g + 4, 2*g - 48 = -2*y. Suppose -38 = -2*o - y. What is the greatest common factor of o and m?
6
Let n(z) = 7*z**2 + 48*z - 88. Let v be n(-9). What is the highest common divisor of 1457 and v?
47
Suppose -280 = -3*p - 40. Let t(j) = 16 + 49 + j**3 - 5*j**2 - 2*j + 7*j - 64. Let f be t(4). Calculate the greatest common factor of p and f.
5
Let c = 146 - 144. Let i = -1 + 1. Suppose c*o + 3*o - 320 = i. Calculate the greatest common factor of 16 and o.
16
Suppose 0 = -4*i + s + 154, -5*s + 7 + 42 = i. Let r be (2 - i/9)/(12/(-2088)). Calculate the greatest common factor of 58 and r.
58
Let j(o) be the first derivative of -35*o**4/4 - o**3/3 - o**2 - o + 45. Let y be j(-2). Calculate the highest common divisor of y and 31.
31
Let m(n) = 1. Let a(t) = -t + 11. Let k(h) = 2*a(h) - 22*m(h). Let l be k(-8). What is the highest common divisor of l and 256?
16
Suppose -16*z + 2 = -15*z. Let v be -18*(-2 + z + 1/(-2)). Let a be 61/9 - (-5 + 43/v). Calculate the highest common divisor of 7 and a.
7
Let p = -18 + 19. Suppose 0 = -12*i + 2*i - 350. Let x = i - -39. Calculate the greatest common factor of p and x.
1
Let o(h) = 18*h**2 + 2*h - 1. Let p be o(1). Let a = p - -16. Suppose 6*z - 25 = a. Calculate the highest common factor of 50 and z.
10
Suppose m - 4*m = -129. Let s = m + -40. Let r be (-12)/((-36)/8 + s). What is the highest common divisor of r and 8?
8
Let f be -4 + 2 - (-3 + 1)*5. Let g = -8 - -10. Let n be (66/9 - g)*3. Calculate the greatest common factor of f and n.
8
Let k(n) = -n**3 + 58*n**2 - 208*n - 48. Let j be k(54). Suppose 0 = 2*i - 362 + 266. Calculate the greatest common divisor of i and j.
48
Let d = -13245 - -13250. Let p(j) = j**2 + 3*j + 17. Let o be p(13). Calculate the greatest common factor of d and o.
5
Let g(d) = -d**3 + 9*d**2 - 1. Let t be g(9). Let q be t + (-4)/(-2) + 1 + 5. What is the highest common divisor of 1 and q?
1
Suppose -3*x - x = -468. Suppose 2*z - 49*z + 611 = 0. What is the greatest common factor of x and z?
13
Let l = -63 + 66. Let z(v) = 36 - 6*v**2 + v**3 + 0*v**l - 3*v - 31. Let h be z(7). What is the greatest common divisor of h and 330?
33
Let n = 90 - 90. Suppose -4*b + z = -43, -5*z - 6 = -b - n*z. Suppose 0 = -b*m + m + 630. What is the greatest common divisor of 84 and m?
21
Suppose 146*c + 2754 = 200*c. Calculate the greatest common divisor of 5457 and c.
51
Let m(o) = -o**2 - 13*o - 5. Suppose 8*d = -7*d + 120. Suppose 0 = -x - d - 4. Let v be m(x). What is the greatest common factor of 91 and v?
7
Let v be 2/8*(608/144 - 2/9). Calculate the highest common factor of 775 and v.
1
Suppose 41*w - 78*w = -46*w + 1746. Calculate the highest common divisor of w and 1067.
97
Let g(w) = -3*w + 19. Let f be g(11). Let c(b) = -b**2 - 19*b - 4. Let h be c(f). Let d be h - -3 - 6/(-2). Calculate the greatest common factor of d and 9.
9
Suppose -3*t - 5*v - 20 = -250, 3*v = -5*t + 394. Suppose -40 - 8 = -4*m. Let b be (32/m)/((-6)/(-36)). Calculate the greatest common factor of b and t.
16
Let j be 15/((-63)/18 + 5). Let h be -1*(9 - j) - 0. What is the highest common factor of 19 and h?
1
Let u(p) be the first derivative of -9*p**2/2 - 10*p + 5. Let l be u(-6). Suppose -60 = -9*d + 534. Calculate the greatest common divisor of l and d.
22
Suppose -18*d + 1350 = 40*d - 970. What is the greatest common factor of 185 and d?
5
Suppose 0 = 26*i - 32 - 514. Calculate the highest common factor of i and 5544.
21
Suppose -15*o - 788 + 1608 + 4295 = 0. What is the greatest common divisor of o and 880?
11
Let s(z) = 11*z**2 - 8*z - 10. Let q be s(7). Let h = 158 - 231. Let m = q + h. What is the highest common factor of m and 50?
50
Let z(y) be the third derivative of y**5/30 - y**4/4 + 59*y**3/6 - 4*y**2 - 3. Let b be z(-10). What is the greatest common divisor of b and 11?
11
Let h be 3/30*-64*-10. Calculate the greatest common divisor of 1728 and h.
64
Let a(v) = 4*v**3 + 113*v**2 + 20*v - 100. Let c be a(-28). What is the highest common divisor of c and 16?
4
Suppose 0*m + 4*m = r + 41, 2*r = 5*m - 55. Let f = 3291 + -3287. Suppose 120 = 3*c - f*g, -g + m = -4*g. Calculate the highest common factor of c and 72.
36
Let m = 1560 - 1286. Suppose -18 = 271*v - m*v. Suppose -4*r + 29 = 4*u + 5, -3*r + 24 = 4*u. What is the greatest common factor of v and u?
6
Let k(p) = -82*p - 1357. Let u be k(-53). What is the greatest common factor of 49 and u?
49
Suppose 41*g + 6 = 39*g, -5*c + 534 = 2*g. Suppose f + 3*j = 18, -225 = -5*f + j - 71. Let x = -3 + f. What is the greatest common divisor of c and x?
27
Let v be (-3 - 48417/(-27)) + (1 - (-44)/(-36)). What is the highest common divisor of 160 and v?
10
Suppose -4*z - 5*d = 186 - 11121, 5*d - 2715 = -z. What is the highest common divisor of z and 411?
137
Suppose 1709 = 20*o - 1017 - 74. Calculate the greatest common divisor of 1120 and o.
140
Suppose 20*s - 33 = 67. Suppose x - s*a - 36 - 13 = 0, -4*a = 4*x - 148. Calculate the greatest common factor of x and 78.
39
Let d be (-4)/4*603*1. Let h = d - -616. Calculate the greatest common factor of h and 949.
13
Suppose 3*d = 5*i + 24, -6*i - 56 = -5*d - 3*i. Let a = 773 - 757. Suppose -a*k - 28 + 44 = 0. What is the highest common factor of d and k?
1
Let r be (1 - 4026/(-8)) + 128/(-512). Suppose r - 72 = 12*z. Calculate the highest common divisor of z and 396.
36
Suppose 0 = -14*s + s + 3744. Suppose 0 = -8*l - 8*l + s. Let b = 291 - 129. Calculate the highest common factor of l and b.
18
Let u be 1132 - (-9 + 175/7). Calculate the highest common factor of u and 72.
36
Suppose 4*k - 118 = b - 0*b, -5*k + 3*b + 144 = 0. Let y(x) = 2*x - 72. Let l = 604 - 565. Let o be y(l). Calculate the greatest common factor of o and k.
6
Let b(m) = -m**3 - 6*m**2 - 6*m - 22. Let r be 4*30/(-72)*(3 + 0). Let v = r + -2. Let g be b(v). Calculate the greatest common factor of g and 46.
23
Let g be 7446/85 + -5 + (-6)/(-15). Calculate the highest common divisor of g and 6.
1
Suppose 5*w = -w - 132. Let q be (5/(25/w))/((-2)/180). Suppose 70 = 2*v - 0*x - 2*x, -v + 37 = x. What is the greatest common divisor of q and v?
36
Suppose -973*l = -977*l - 96. Suppose -2*x = -69 + 1. Let q = x + l. Calculate the highest common factor of q and 25.
5
Suppose -3*s - 12 = -2*h, 0*h + 43 = 5*h - s. Suppose -4*c + 292 = 4*y, 0 = 5*c - h*c + 5*y + 310. What is the greatest common factor of c and 50?
25
Suppose -21*j + 11397 + 24450 = 0. Calculate the highest common factor of 3 and j.
3
Suppose 2*u + 0 = 2. Suppose -y + 3*a = -37 + u, 0 = 4*a + 12. Let h = -5 - -14. Calculate the highest common divisor of h and y.
9
Suppose 4694 = -31*r + 59533. What is the highest common factor of r and 122?
61
Suppose 3*m - 3*u - 51 = 0, 2*m - 38 = 27*u - 29*u. Calculate the greatest common factor of m and 684.
18
Let u(x) = -2*x + 133. Let h be u(0). Suppose 0*c + 3*c = -t - h, -5*c = -3*t + 217. Let l = 58 + c. What is the greatest common factor of l and 14?
14
Let w(i) = i**2 + 20*i - 229. Let n be w(-32). What is the greatest common divisor of 4805 and n?
155
Suppose 7*n - 24 = n. Suppose 2*p = -n*d - 2*p + 56, -2*d + 5*p - 7 = 0. Let t be -1*(-141 - (-5 + d)). What is the greatest common divisor of t and 29?
29
Suppose -7*d + 2 + 5 = 0. Suppose u - 3 = d, -4*u + 214 = 3*w. Calculate the highest common divisor of w and 22.
22
Let x = 105 + -14. Suppose 0 = 3*o - 2*s - 812, 1068 = 2*o + 2*o + s. Let h = o + -255. What is the highest common divisor of x and h?
13
Let q be (-24)/(-40) + (-124)/(-10). Suppose 104 = 9*t - q*t. Let b be 30 + t - (-1 - 1). Calculate the greatest common divisor of b and 1.
1
Suppose 82*f - 13*f - 17646 = -33*f. What is the highest com